s of 13908433?
7, 11, 180629
List the prime factors of 897153.
3, 97, 3083
What are the prime factors of 1429486?
2, 73, 9791
List the prime factors of 239293.
271, 883
What are the prime factors of 22699809?
3, 11, 167, 1373
List the prime factors of 14480453.
13, 379, 2939
What are the prime factors of 68752?
2, 4297
What are the prime factors of 810863?
19, 42677
What are the prime factors of 140106?
2, 3, 19, 1229
List the prime factors of 93075.
3, 5, 17, 73
List the prime factors of 1241428.
2, 310357
List the prime factors of 212300.
2, 5, 11, 193
List the prime factors of 335753.
11, 131, 233
What are the prime factors of 362881?
19, 71, 269
What are the prime factors of 599385?
3, 5, 31, 1289
What are the prime factors of 5422?
2, 2711
List the prime factors of 1198296.
2, 3, 11, 17, 89
List the prime factors of 21761.
47, 463
What are the prime factors of 28282854?
2, 3, 1097, 4297
What are the prime factors of 110628?
2, 3, 7, 439
What are the prime factors of 804887?
499, 1613
What are the prime factors of 371574?
2, 3, 7, 983
List the prime factors of 247818.
2, 3, 103, 401
List the prime factors of 8432000.
2, 5, 17, 31
What are the prime factors of 948723?
3, 316241
List the prime factors of 32672018.
2, 16336009
What are the prime factors of 34215727?
7, 13, 375997
What are the prime factors of 170106?
2, 3, 28351
What are the prime factors of 756235?
5, 151247
What are the prime factors of 8443898?
2, 23, 347
List the prime factors of 2037379.
2037379
List the prime factors of 1518076.
2, 7, 54217
List the prime factors of 3497940.
2, 3, 5, 19433
What are the prime factors of 181527?
3, 60509
What are the prime factors of 7801117?
23, 37, 89, 103
What are the prime factors of 3315679?
3315679
What are the prime factors of 2599188?
2, 3, 167, 1297
What are the prime factors of 156921?
3, 19, 2753
What are the prime factors of 1552429?
43, 79, 457
What are the prime factors of 10003627?
59, 169553
List the prime factors of 427262.
2, 11, 19421
What are the prime factors of 15881922?
2, 3, 7, 126047
List the prime factors of 5261007.
3, 17, 43, 2399
List the prime factors of 296709.
3, 7, 71, 199
What are the prime factors of 971627?
131, 7417
What are the prime factors of 75818?
2, 167, 227
What are the prime factors of 576308?
2, 19, 7583
What are the prime factors of 245302?
2, 122651
List the prime factors of 149068.
2, 83, 449
List the prime factors of 213578.
2, 23, 4643
List the prime factors of 1028890.
2, 5, 31, 3319
What are the prime factors of 16188771?
3, 401, 13457
List the prime factors of 1193132.
2, 298283
What are the prime factors of 8332503?
3, 2777501
List the prime factors of 5136396.
2, 3, 428033
What are the prime factors of 48610?
2, 5, 4861
What are the prime factors of 417708?
2, 3, 41, 283
List the prime factors of 15330721.
7, 2190103
List the prime factors of 6761505.
3, 5, 450767
List the prime factors of 266491.
266491
What are the prime factors of 17794316?
2, 4448579
List the prime factors of 495111.
3, 165037
List the prime factors of 941946.
2, 3, 37, 4243
List the prime factors of 13397683.
13, 17, 60623
What are the prime factors of 553893?
3, 184631
List the prime factors of 13921801.
13921801
List the prime factors of 62678.
2, 7, 11, 37
What are the prime factors of 604591?
13, 46507
List the prime factors of 2053511.
103, 19937
List the prime factors of 924131.
13, 67, 1061
What are the prime factors of 3559571?
3559571
List the prime factors of 63372.
2, 3, 5281
List the prime factors of 1937824.
2, 7, 41, 211
What are the prime factors of 1909921?
13, 146917
What are the prime factors of 1008300?
2, 3, 5, 3361
What are the prime factors of 4888312?
2, 11, 13, 4273
What are the prime factors of 223720?
2, 5, 7, 17, 47
List the prime factors of 2528240.
2, 5, 11, 13, 17
What are the prime factors of 373255?
5, 19, 3929
List the prime factors of 7630677.
3, 847853
List the prime factors of 7485797.
11, 17, 40031
List the prime factors of 475413.
3, 37, 4283
List the prime factors of 236113.
17, 19, 43
List the prime factors of 9274.
2, 4637
List the prime factors of 802761.
3, 267587
List the prime factors of 4669587.
3, 13, 107, 373
What are the prime factors of 83920?
2, 5, 1049
What are the prime factors of 632235?
3, 5, 113, 373
What are the prime factors of 11408?
2, 23, 31
What are the prime factors of 978652?
2, 19, 79, 163
List the prime factors of 2336461.
2336461
What are the prime factors of 119708?
2, 29927
What are the prime factors of 22852012?
2, 17, 336059
What are the prime factors of 11907001?
43, 276907
List the prime factors of 1318323.
3, 439441
List the prime factors of 1980000.
2, 3, 5, 11
What are the prime factors of 13123113?
3, 61, 71711
What are the prime factors of 6532506?
2, 3, 23, 31, 509
List the prime factors of 6166119.
3, 881, 2333
What are the prime factors of 173223?
3, 19, 1013
What are the prime factors of 1460784?
2, 3, 13, 2341
List the prime factors of 87302.
2, 43651
What are the prime factors of 7357121?
733, 10037
What are the prime factors of 44575?
5, 1783
What are the prime factors of 27171816?
2, 3, 7, 197, 821
List the prime factors of 11460349.
53, 216233
List the prime factors of 558597.
3, 13, 14323
What are the prime factors of 179386?
2, 257, 349
What are the prime factors of 1726058?
2, 23, 157, 239
What are the prime factors of 293227?
11, 19, 23, 61
What are the prime factors of 2489261?
47, 52963
What are the prime factors of 209230?
2, 5, 7, 61
What are the prime factors of 11415074?
2, 11, 518867
List the prime factors of 1371847.
107, 12821
List the prime factors of 4629846.
2, 3, 13, 59357
What are the prime factors of 4866016?
2, 152063
What are the prime factors of 75740?
2, 5, 7, 541
List the prime factors of 1458652.
2, 13, 28051
List the prime factors of 14304.
2, 3, 149
What are the prime factors of 317862?
2, 3, 17659
What are the prime factors of 1833598?
2, 13, 109, 647
List the prime factors of 538774.
2, 269387
What are the prime factors of 333225?
3, 5, 1481
List the prime factors of 115409.
7, 16487
List the prime factors of 2597405.
5, 163, 3187
List the prime factors of 33274.
2, 127, 131
List the prime factors of 229805.
5, 19, 41, 59
List the prime factors of 1776696.
2, 3, 181, 409
List the prime factors of 807636.
2, 3, 17, 37, 107
List the prime factors of 3323745.
3, 5, 233, 317
What are the prime factors of 276521?
7, 39503
What are the prime factors of 110613?
3, 36871
What are the prime factors of 19052317?
173, 110129
What are the prime factors of 847522?
2, 13, 37, 881
What are the prime factors of 4469446?
2, 19, 117617
What are the prime factors of 2720920?
2, 5, 68023
List the prime factors of 1135503.
3, 71, 1777
What are the prime factors of 6311948?
2, 1577987
What are the prime factors of 5407480?
2, 5, 13, 10399
List the prime factors of 14989144.
2, 37, 79, 641
List the prime factors of 6230204.
2, 1557551
List the prime factors of 1993308.
2, 3, 43, 3863
List the prime factors of 489055.
5, 7, 89, 157
What are the prime factors of 138199?
113, 1223
List the prime factors of 615841.
47, 13103
List the prime factors of 242592.
2, 3, 7, 19
What are the prime factors of 37234?
2, 18617
List the prime factors of 1563573.
3, 11, 47381
List the prime factors of 2927963.
503, 5821
List the prime factors of 701655.
3, 5, 29, 1613
List the prime factors of 2332959.
3, 23, 33811
List the prime factors of 519595.
5, 103919
What are the prime factors of 537802?
2, 443, 607
List the prime factors of 185467.
185467
What are the prime factors of 2803932?
2, 3, 71, 1097
List the prime factors of 4820024.
2, 11, 54773
List the prime factors of 130675.
5, 5227
List the prime factors of 4770717.
3, 7, 227177
List the prime factors of 1033491.
3, 344497
What are the prime factors of 2006001?
3, 19, 11731
List the prime factors of 71978.
2, 17, 29, 73
List the prime factors of 402839.
29, 479
List the prime factors of 97571.
97571
List the prime factors of 180195.
3, 5, 41, 293
What are the prime factors of 228099?
3, 139, 547
List the prime factors of 7654861.
31, 246931
List the prime factors of 1351745.
5, 409, 661
What are the prime factors of 1409790?
2, 3, 5, 46993
List the prime factors of 21904561.
7